+ 4*p**2 + 3 - 4*p + p + 4*p**2. Let m be (5 - 12 - -9)*(-2 - -3). Give z(m).
31
Let v(c) = -22*c**2 + 15*c + 26. Let r(p) = -29*p**2 + 16*p + 29. Let f(g) = -3*r(g) + 4*v(g). What is f(14)?
-11
Suppose 0 = -x + r - 15, 5*x + 25 = -5*r - 0. Let o be (x/6)/(((-4)/(-12))/(-1)). Let j(h) = -h**3 + 5*h**2 + h + 6. Determine j(o).
11
Let y(z) = -z**3 + 42*z**2 - 181*z - 145. Let i be y(37). Let c(s) = 4*s**2 - s + 10. Give c(i).
43
Suppose 8*t - 479 - 153 = 0. Let a = t + -76. Let w(m) be the second derivative of m**4/12 - 5*m**3/6 + 3*m**2/2 + 4*m. Determine w(a).
-3
Suppose 2 = 6*j - 10. Suppose -2*s - 2*r + 4 = -20, -j*s - 3*r = -29. Let a(p) = -p**3 + 6*p**2 + 5*p + 7. Give a(s).
-7
Suppose 34*x = 14*x - 200. Let z be x/55 + 18/99. Let r(h) = -3*h**2 + 3*h**2 - h**3 + 12 - h. Determine r(z).
12
Suppose 3*m + 12 = -3*n, -5*n - 20 = 7*m - 6*m. Suppose -181*v + 172*v = m. Let b(a) = -2*a - 3. What is b(v)?
-3
Let g(w) be the first derivative of w**3/3 - 5*w**2/2 + 6*w - 5. Let s = 4843 - 4837. Calculate g(s).
12
Suppose -345*d + 15 = -340*d. Let q(t) = -t + 2*t**d - 8*t**3 + 5*t**3 + 6 - 44. What is q(0)?
-38
Let i(l) = -4299 + l**3 - 4286 - 4297 + 12892 + 2*l**2. What is i(-3)?
1
Let m(b) = b**3 - 18*b**2 + 32*b + 6. Let h be 16*22/(-1232) - (-114)/7. What is m(h)?
6
Suppose -4*p = -2*u - 20, 0*u + u = -2*p + 6. Let i(z) = 16*z + 36. Let g be i(u). Let j(x) = -x**3 + 4*x**2 + 4*x - 3. Give j(g).
13
Let t(p) be the third derivative of 1/60*p**5 + 60*p**2 + 1/3*p**3 + 7/24*p**4 + 0*p + 0. Give t(-5).
-8
Let a(z) = -z**2 - 4*z - 3. Let d(w) = -w**2 + 16*w + 82. Let h be d(20). Let p be -3 + (-1)/h + (-9)/(-18). What is a(p)?
0
Let c(g) = g**3 + 3*g**2 + 2*g + 4. Let k(r) = -r**2 - 2*r. Let d(y) = -2*y**2 + 21*y - 123. Let p(t) = -d(t) + k(t). Let m be p(14). Determine c(m).
-2
Let c(w) be the second derivative of 0 - 4/3*w**3 + 9/2*w**2 + 1/20*w**5 - 118*w - 1/2*w**4. Calculate c(6).
-39
Let g(a) be the first derivative of 5*a**4/2 - a**3/3 - a**2 - a + 56. Suppose -2*u = 1 + 15. Let z(i) = -i - 9. Let s be z(u). Calculate g(s).
-10
Let r = 3775 + -3782. Let z(n) = n**3 + 7*n**2 - 5*n - 9. Determine z(r).
26
Let c(o) = -6*o - 50. Let n be 36/(-8)*8/4. Give c(n).
4
Let r(n) = n + 5. Let g(u) = -6*u**3 + 2*u**2 - u - 2. Let w be g(-1). Suppose 2*o + 5*q = -20, -3*o - 7*q - w = -11*q. Determine r(o).
0
Suppose 0 = -20*p + 9 + 31. Let m(r) = 0*r**p - 660 + 648 + 8*r - r**2. Determine m(7).
-5
Let v(l) = l**3 + 14*l**2 - 35*l - 44. Let p be v(-16). Suppose -18 = -p*x - 5*n, -4*x + 0*n = -2*n - 4. Let u(y) = -y - 4. What is u(x)?
-6
Let j(k) = -k**2 - k + 1. Suppose 2*g - 6*g = 56. Suppose -2*n = 7*n + 3*n + 192. Let l = g - n. Calculate j(l).
-5
Suppose 0 = 3*g + 60 + 30. Let i(j) = -19*j**2 + 17*j + 18. Let f be i(-1). Let t be (f - g)/((-6)/(-4)). Let c(y) = y**2 - 11*y + 3. What is c(t)?
-21
Let c(s) be the second derivative of -s**3 + 67*s**2/2 - 895*s. Determine c(9).
13
Let l(g) = g**2 + 8*g - 2. Let f be l(-12). Let n(c) = 15 + 14 + 11 - 3*c + c**2 - f. What is n(6)?
12
Let o(k) = k**2 + k. Let z(d) = -3*d**2 - 5*d + 7. Let q(y) = 2*o(y) + z(y). Suppose 52 = -242*n + 290*n + 292. Determine q(n).
-3
Let s = 462 + -376. Let q(o) = -4 - 82*o - s*o + 163*o. Determine q(3).
-19
Let x(p) = 13*p + 37. Let o be (-4)/(-12)*(19 - 31). Determine x(o).
-15
Let j(i) = i**3 - 4*i**2 - 6*i - 3. Suppose -14*n - 49 = 35. Let p be (10/(-4))/((27/n)/9). What is j(p)?
-8
Let y(j) = j**2 - 4*j + 6. Let g(m) = 3*m**2 - 18*m - 17. Let w(a) = -4*a + 39. Let r be w(8). Let n be g(r). Give y(n).
6
Suppose -3*k = 4*k - 35. Let z(y) = -9 + 5*y + 10 + k - 3. Determine z(-3).
-12
Let r(o) = 7*o**2 + 7*o. Let x(g) = 8*g**2 + 8*g. Let i(f) = 7*r(f) - 6*x(f). Let h(b) = -2*b**2 - 12*b - 3. Let k(w) = -h(w) - 3*i(w). What is k(7)?
17
Let q(b) = 3*b - 47. Let a = 3404 + -3389. Calculate q(a).
-2
Let x(l) be the second derivative of -l**4/6 + 3*l**3/2 - 7*l**2/2 - 4*l + 227. Give x(4).
-3
Let l(a) = 4*a - a - 2 - 2*a. Let i = 177 + -149. Suppose -44 = -5*p + b, -4*p - 4*b + i = -3*b. Give l(p).
6
Suppose 23 + 37 = 3*g. Suppose g*m = -27*m - 188. Let l(q) = 5 + 4*q + q**3 - 5 + 5*q**2 + 6. What is l(m)?
6
Let p(r) be the first derivative of -r**4/4 - 8*r**3 - r**2 - 58*r - 6000. Give p(-24).
-10
Let t(w) = w + 19. Suppose 16 = 8*x - 7*x. Let h be -1 - (x*14)/(-4). Let s be (-2)/11 - ((-40)/h)/4. Calculate t(s).
19
Let q(u) = -15*u. Let o(d) = 17*d - 12. Let f(h) = -2*o(h) - 2*q(h). What is f(5)?
4
Let m be (-5)/5*2 + 47. Suppose -m*v = -46*v + 7. Let i(b) = -b + 5. What is i(v)?
-2
Suppose 0 = -3*k + 3*z + 30, 126*k - 3*z = 131*k - 10. Let l(q) be the first derivative of -q**3/3 - q**2/2 + 4*q + 1. Calculate l(k).
-26
Suppose 34*l - 5*g = 29*l + 65, 2*l = 4*g + 16. Let t(y) = -43 + y + 11 + l + 13. Calculate t(-5).
-6
Let i be (-9)/((6/(-36))/((-2)/18)). Let k(z) be the first derivative of -1/2*z**2 - 6*z - 2*z**3 + 1 - 1/4*z**4. What is k(i)?
0
Let g(k) = -15*k**2 + 9*k - 1274. Let o(s) = 3*s**2 - 2*s + 231. Let i(r) = -4*g(r) - 22*o(r). Calculate i(-2).
-26
Suppose 630 - 80 = 11*t. Let b(l) = l**2 - 51*l + 51. Give b(t).
1
Let m(s) = s**2 + 2*s - 2. Let j(i) be the first derivative of 2*i**2 - 13*i - 2. Let z be j(-5). Let t = 31 + z. What is m(t)?
-2
Let j(v) = -v**2 + 24*v + 49. Let o be j(-2). Let f = -19 - -25. Let m(t) = -4*t**2 + 2 + f*t**2 - 3*t**2 + t - 3*t. Give m(o).
-1
Suppose 2*u + 10 = -5*a + 23, -4*a + u = -13. Suppose a*r + 1 - 25 = 0. Let d(i) = r*i - i**3 + 6 - 8*i**2 + 5*i**3 - 3*i**3 - 2*i**2. Calculate d(9).
-3
Let s(w) = w**3 - 3*w**2 - 12*w - 2. Let r(z) = 186*z - 1110. Let l be r(6). Give s(l).
34
Let b(o) = -573*o**3 - 2 - o + 1 + 620*o**3 + o. Calculate b(-1).
-48
Let s(a) be the first derivative of a**4/4 + 2*a**3 - 7*a**2/2 - 4*a - 2291. Determine s(-7).
-4
Let g(f) = 3*f**2 - 4*f + 1. Let o be g(2). Let d(x) = -6*x + 10. Let h(y) = 5*y - 9. Let q(w) = -2*d(w) - 3*h(w). What is q(o)?
-8
Let i(h) = -3*h**2 - 30*h + 43. Let x be i(-11). Let v(m) = m**3 - 9*m**2 - 14*m - 9. What is v(x)?
-49
Let m(f) = 6*f**3 + 5*f**2 + 5*f + 6. Let d(z) = -z**2 + 7*z + 13. Let j be d(8). Let r(p) = -6*p**3 - 4*p**2 - 4*p - 5. Let h(c) = j*r(c) + 4*m(c). Give h(-1).
5
Suppose -73*a + 76*a = 5*n + 18, 2*n = -3*a + 18. Let b(g) = -g**2 - g + 43. Determine b(a).
1
Suppose 143*b - 118 = 202*b. Let w(j) = -5*j**2 - 10*j - 3. Let o(g) = -14*g**2 - 29*g - 9. Let c(s) = -4*o(s) + 11*w(s). Give c(b).
-5
Let j = 397 - 392. Let c(k) = 4*k**3 - k**2 - 5*k + 6. Let x(f) = 1 + 17*f + f**2 - 9*f**3 - 7*f - 13. Let v(o) = -7*c(o) - 3*x(o). What is v(j)?
-6
Let l(o) = -o**2 + 1. Let d be l(-1). Let c be -2*(-2*1 - (-8)/16). Suppose 8*x - c*x = -5*j, -2*j + 4*x + 12 = d. Let v(m) = -9*m + 3. Give v(j).
-15
Let o(j) = 11*j**2 - 2*j + 7. Let x(f) = 2*f**2 + f. Let d(v) = -o(v) + 6*x(v). Let i(n) = -n**2 + 2*n + 8. Let z be i(5). Let l = -1 + z. Calculate d(l).
-7
Let s(j) = -2*j**3 - 3*j**2 + 9*j + 4. Suppose 2*z - 42 = 22*z - 6*z. Determine s(z).
4
Suppose 0 = -2*q - 4*w - 38, -3*q + 32*w + 53 = 27*w. Let u(s) be the first derivative of 15*s**2/2 - 2*s + 2. Calculate u(q).
13
Suppose f - 2*f + 21 = 0. Let c = 633 + -618. Let i be 1/((f/c)/(-7)). Let l(o) = -o**3 - 4*o**2 + 5*o + 5. Calculate l(i).
5
Let a(w) be the second derivative of -5*w**3/2 + 39*w**2 - 2667*w + 2. What is a(5)?
3
Let y = -85 - -85. Suppose a + g + 1 = y, -g + 2*g = 5*a - 13. Let u(s) = -11*s - 3 - 2*s**2 + s**a + 13*s. What is u(5)?
-18
Let n(c) = 3*c**2 - 5*c**2 - 6*c**2 - 4108 + 4109. What is n(1)?
-7
Let o be (4/(-10))/(11/(-220)). Let r(c) = 8*c - 1 + c**2 - o + 23 - 9. Determine r(-6).
-7
Suppose 5*q = -2*w + 32, 3*q = -4*w + 13 + 23. Let a(m) = 2 + 22*m - 19*m + w - m**2. Suppose -5*c - s + 7 + 26 = 0, 0 = 2*s - 6. What is a(c)?
-10
Let s(q) = -q**2 + 5*q + 72. Let f be 495/(-75)*((-35)/21 + 0). Calculate s(f).
6
Let p(n) be the second derivative of n**4/6 - n**3/6 - 3*n**2 + 161*n. Give p(5).
39
Suppose -6 + 28 = 15*i - 68. Let d(h) = -17*h + 109. Give d(i).
7
Let p(u) = -106*u**2 + 35*u**2 - 2 + 36*u**2 + 36*u**2 + 7*u. Give p(-5).
-12
Let t(l) = 2*l**2 + 2*l - 9. Let f(x) = x**3 + 4*x**2 + 6*x + 7. Let w be f(-3). Let r be t(w). Let m(q) = -q**2 - 6*q + 2. Calculate m(r).
7
Let v(c) = 5*c + 3. Let s be 12/(-